usands digit of 64246914?
6
What is the hundred thousands digit of 82214715?
2
What is the units digit of 22156668?
8
What is the thousands digit of 822978560?
8
What is the ten millions digit of 24235417?
2
What is the hundred thousands digit of 3454321693?
3
What is the hundred millions digit of 357737667?
3
What is the thousands digit of 7413508601?
8
What is the units digit of 1296989214?
4
What is the tens digit of 161030054?
5
What is the units digit of 103284442?
2
What is the tens digit of 104965004?
0
What is the ten millions digit of 152911964?
5
What is the ten millions digit of 86660978?
8
What is the millions digit of 3381799057?
1
What is the millions digit of 251038691?
1
What is the millions digit of 405524290?
5
What is the units digit of 73891636?
6
What is the billions digit of 5217123396?
5
What is the hundred thousands digit of 10868884?
8
What is the ten millions digit of 254387349?
5
What is the ten millions digit of 40359709?
4
What is the ten thousands digit of 38555920?
5
What is the tens digit of 46215751?
5
What is the thousands digit of 470735554?
5
What is the ten millions digit of 33795188?
3
What is the ten thousands digit of 52704284?
0
What is the hundred thousands digit of 138647523?
6
What is the tens digit of 213831244?
4
What is the thousands digit of 521273513?
3
What is the hundred thousands digit of 3716752453?
7
What is the hundreds digit of 123974235?
2
What is the ten millions digit of 290187379?
9
What is the hundreds digit of 19429779?
7
What is the units digit of 127039014?
4
What is the tens digit of 245919393?
9
What is the hundreds digit of 34873023?
0
What is the ten millions digit of 60489879?
6
What is the ten millions digit of 4389164645?
8
What is the units digit of 40272246?
6
What is the hundreds digit of 77698986?
9
What is the ten millions digit of 78877656?
7
What is the units digit of 848872473?
3
What is the hundred thousands digit of 2279048484?
0
What is the millions digit of 126977204?
6
What is the millions digit of 298759819?
8
What is the tens digit of 4270450113?
1
What is the tens digit of 234262657?
5
What is the units digit of 462592428?
8
What is the hundreds digit of 85253883?
8
What is the ten thousands digit of 173899577?
9
What is the millions digit of 776485946?
6
What is the thousands digit of 74089955?
9
What is the tens digit of 384377891?
9
What is the millions digit of 789627863?
9
What is the hundreds digit of 1222048128?
1
What is the thousands digit of 348959635?
9
What is the billions digit of 2871670405?
2
What is the units digit of 316380014?
4
What is the ten millions digit of 1255040540?
5
What is the thousands digit of 7218448?
8
What is the units digit of 13233051?
1
What is the ten thousands digit of 1126185875?
8
What is the units digit of 12135022?
2
What is the tens digit of 2473577226?
2
What is the ten thousands digit of 77106281?
0
What is the hundreds digit of 559740569?
5
What is the hundred millions digit of 120308404?
1
What is the hundreds digit of 42234970?
9
What is the hundred thousands digit of 69059089?
0
What is the thousands digit of 4862759196?
9
What is the units digit of 29851690?
0
What is the hundred millions digit of 1317613915?
3
What is the thousands digit of 2800408698?
8
What is the millions digit of 21315872?
1
What is the hundred thousands digit of 1095527636?
5
What is the tens digit of 50960597?
9
What is the hundred millions digit of 6667958143?
6
What is the billions digit of 1717395785?
1
What is the hundred thousands digit of 60052830?
0
What is the units digit of 300410513?
3
What is the hundred millions digit of 210314995?
2
What is the hundreds digit of 6937350?
3
What is the ten millions digit of 121503578?
2
What is the units digit of 531532962?
2
What is the ten millions digit of 148317601?
4
What is the units digit of 16197305?
5
What is the millions digit of 43730366?
3
What is the thousands digit of 31427313?
7
What is the ten thousands digit of 653231527?
3
What is the hundreds digit of 2250187195?
1
What is the tens digit of 271672316?
1
What is the ten thousands digit of 2169607143?
0
What is the hundreds digit of 14348461?
4
What is the ten millions digit of 346855102?
4
What is the ten thousands digit of 143196564?
9
What is the millions digit of 50284807?
0
What is the millions digit of 351432303?
1
What is the units digit of 37364468?
8
What is the millions digit of 103982635?
3
What is the hundred thousands digit of 1266897355?
8
What is the hundred millions digit of 400552059?
4
What is the tens digit of 1534255330?
3
What is the millions digit of 24114859?
4
What is the hundred thousands digit of 1430729430?
7
What is the hundred thousands digit of 16718845?
7
What is the hundred thousands digit of 644150367?
1
What is the hundreds digit of 195654349?
3
What is the millions digit of 528034893?
8
What is the units digit of 215598429?
9
What is the tens digit of 26003131?
3
What is the millions digit of 23590936?
3
What is the hundred thousands digit of 56871745?
8
What is the hundred millions digit of 7754197148?
7
What is the units digit of 33248411?
1
What is the units digit of 606169347?
7
What is the ten millions digit of 413032217?
1
What is the units digit of 37644417?
7
What is the tens digit of 910929?
2
What is the hundred thousands digit of 324601103?
6
What is the hundred thousands digit of 20843593?
8
What is the hundreds digit of 33233772?
7
What is the hundred millions digit of 1840163991?
8
What is the thousands digit of 5444440?
4
What is the hundreds digit of 6804559090?
0
What is the thousands digit of 1087027786?
7
What is the millions digit of 53644571?
3
What is the tens digit of 1133866538?
3
What is the thousands digit of 285509944?
9
What is the hundred millions digit of 138559866?
1
What is the millions digit of 655431347?
5
What is the tens digit of 58594472?
7
What is the thousands digit of 90117521?
7
What is the tens digit of 207325232?
3
What is the thousands digit of 97717744?
7
What is the tens digit of 327828620?
2
What is the hundreds digit of 5973539286?
2
What is the hundreds digit of 318869929?
9
What is the thousands digit of 254388099?
8
What is the hundred thousands digit of 3246968?
2
What is the ten millions digit of 29499276?
2
What is the hundreds digit of 93812517?
5
What is the ten millions digit of 26358949?
2
What is the hundred thousands digit of 676663567?
6
What is the millions digit of 299595909?
9
What is the hundred thousands digit of 14440972?
4
What is the units digit of 181190546?
6
What is the ten millions digit of 3280723271?
8
What is the tens digit of 220977138?
3
What is the units digit of 237167130?
0
What is the hundred thousands digit of 2740665096?
6
What is the hundred thousands digit of 191425892?
4
What is the hundreds digit of 31348808?
8
What is the thousands digit of 19278004?
8
What is the hundred millions digit of 155015119?
1
What is the thousands digit of 115652724?
2
What is the ten millions digit of 315796692?
1
What is the hundreds digit of 339100426?
4
What is the ten millions digit of 2958065868?
5
What is the hundreds digit of 50194188?
1
What is the tens digit of 8169059?
5
What is the hundred thousands digit of 27311704?
3
What is the ten thousands digit of 22858305?
5
What is the millions digit of 417621655?
7
What is the tens digit of 6895007?
0
What is the tens digit of 910570517?
1
What is the ten thousands digit of 150340753?
4
What is the ten millions digit of 88552599?
8
What is the ten millions digit of 393544438?
9
What is the billions digit of 4881294398?
4
What is the tens digit of 1806196404?
0
What is the tens digit of 701569276?
7
What is the units digit of 87492252?
2
What is the hundred millions digit of 297809740?
2
What is the millions digit of 1047116799?
7
What is the millions digit of 162629077?
2
What is the hundreds digit of 84650981?
9
What is the ten thousands digit of 42914672?
1
What is the hundred millions digit of 134927968?
1
What is the thousands digit of 103532403?
2
What is the ten thousands digit of 140701265?
0
What is the ten thousands digit of 43895931?
9
What is the millions digit of 47035139?
7
What is the tens digit of 7804188?
8
What is the hundreds digit of 25882015?
0
